 2, -2*o + j = 2*l. Suppose 3*f = 3*v - 51, 3*f + 28 = l*v - 2*f. What is the tens digit of v?
1
Let h be (-1)/(-2 + 7/4). Suppose b = 4*o + 277, -h*b - 203 = 4*o + 49. What is the units digit of o/((1 + 7)/(-4))?
4
Let p(c) = c**2 + 6*c. Let o be p(-6). Suppose -3*v - v + 112 = o. Suppose 0*y = -4*y + v. What is the units digit of y?
7
Suppose 11*s - 564 - 1207 = 0. Let m = -15 + s. What is the tens digit of m?
4
Let v(c) = 52*c**3 + 2*c**2 + 8*c - 22. What is the units digit of v(2)?
8
Let t = 1294 + -21. What is the tens digit of t?
7
Let s = -54 - -149. Let w = s + 90. Suppose w = 4*l + 61. What is the tens digit of l?
3
Suppose -5*s - 2084 = 2*k + k, -3*s - 12 = 0. What is the units digit of -2 + k/(-18) + (-18)/81?
6
Let y(b) = -b**2 - 14*b - 13. Let f(l) = -l**3 + 7*l**2 - 2*l + 4. Let j = 28 + -21. Let d be f(j). What is the units digit of y(d)?
7
What is the hundreds digit of ((-1830)/10 + 6)/(3/(-46))?
7
Let t be -2 - (-3 + -1) - 0. Suppose -t*g - 2 - 6 = 0. Let n(m) = -m + 5. What is the units digit of n(g)?
9
Let d be (-4)/3*18/(-4). Suppose -364 = -m - d*m. What is the tens digit of m?
5
Let x(y) = 9*y**2 - 2*y + 2. Suppose 0*p + 2*p = 4. Let c be x(p). Suppose -3*t + t = -c. What is the units digit of t?
7
Let b(c) = 4*c + 27 + 0*c + 2*c + 8. What is the units digit of b(24)?
9
Suppose 5*v - 4*x - 8 = 0, -v + 0*v + 5*x = 11. Suppose 6*w - 2*w - 3*l - 561 = 0, 0 = 5*w - v*l - 701. What is the tens digit of w?
4
Let q = -5 + 1. Let t be q/((-36)/(-15))*-15. Suppose -2*a + 71 + t = 0. What is the tens digit of a?
4
Suppose -7*h = -8*h + 88. What is the units digit of 3*(394/11 + 16/h)?
8
Let m(c) = -c**3 + 33*c**2 + 13*c - 77. What is the tens digit of m(33)?
5
Suppose 1383 = -37*n + 40*n. What is the hundreds digit of n?
4
Suppose -5*a - 39 = -t, -a + 51 = 7*t - 3*t. Suppose 8*s + 966 = t*s. What is the tens digit of s?
6
Let a(j) = 40*j + 158. What is the units digit of a(24)?
8
Let c(q) = -q**2 - 3*q**2 - 7 - 12*q - q**2 + 4*q**2. Let a be c(-11). Suppose -a*v - b - 3 = -33, 5*v - b - 42 = 0. What is the units digit of v?
8
Suppose 0 = -3*b - c + 95 + 1, 3*c = b - 32. Suppose 2*m = 122 + b. What is the units digit of m?
7
Suppose 3 = 5*r - 17. Suppose -7*i + 18 = -r*i. Suppose 22 = i*q - 2. What is the units digit of q?
4
Let k = -9 - -5. Let s be (k - -1) + (2 - -64). Suppose i - s = -2*m, 2*m - 66 = i - 5*i. What is the units digit of m?
1
Suppose -15093 = -8*b + 5*b + 4*i, -4*i = -12. What is the units digit of b?
5
Let p be (-899 + 7)*1/(-4). Let h = p - 134. What is the units digit of h?
9
Suppose 0 = 147*u - 141*u - 3738. What is the hundreds digit of u?
6
What is the tens digit of 48/(-10) + 5 - 2770/(-25)?
1
What is the hundreds digit of (-1)/(-3) + (-265296)/(-72)?
6
Let f(i) = 42*i**3 + i**2 + i - 1. What is the hundreds digit of f(3)?
1
Suppose -5*v + 2*x = -101, 6*v + 4*x - 64 = 2*v. Suppose -17 = -4*b + v. What is the units digit of b?
9
Let q(w) = 5*w - w**2 - 8 - w**3 + 5*w**2 + 5*w**2. Let s(g) = -g**3 + g**2 + g. Let x(y) = q(y) - 2*s(y). What is the units digit of x(-6)?
0
Suppose 5*q - 660 = -5*s, 0 = -2*q + s + 209 + 55. Suppose 0 = 6*c - 12*c + q. What is the tens digit of c?
2
Suppose 0 = -4*r + 2*y + y, 3*r + y = 0. Let h(t) = -2*t + 2*t - 4*t - 2 + r. What is the units digit of h(-2)?
6
Let y = -1596 + 4297. What is the hundreds digit of y?
7
Let t(l) = 1445*l + 302. What is the units digit of t(2)?
2
Suppose 753 = 8*m - 5*m. Suppose -2*l + 5*k + m + 136 = 0, -2*k - 2 = 0. What is the units digit of l?
1
Let a(v) = 1065*v - 12. What is the units digit of a(1)?
3
Suppose -7184 + 41360 = 16*z. What is the units digit of z?
6
What is the thousands digit of (17914/212)/((5/42)/5)?
3
Suppose 15*j - 528 = 13*j. Suppose -b - 330 = -5*a, 4*a + 0*b - j = -2*b. What is the units digit of a?
6
Suppose -3*g = -18 + 6. Suppose -4*d = -0 + g. What is the tens digit of 2 - (41 - -3)*d?
4
Let r(c) = 2*c**3 - 6*c**2 + 27*c - 23. What is the tens digit of r(8)?
3
Let m(l) = -2*l**2 + l + 82 - 35*l - 79. What is the units digit of m(-14)?
7
Suppose -13 = -3*s + r, 3*s - 4*r - 12 = s. Suppose -4*h - 18 - 8 = -2*l, -4*l - 5*h = -65. What is the units digit of l/(-10) + 54/s?
2
What is the units digit of (-31292)/(-44) + 0 + (-6)/33?
1
Let w(k) = -35*k + 173. What is the tens digit of w(-20)?
7
Suppose -2*k = 5*r - 40, 5*k - 138 = -6*r + 3*r. Let z = k - 22. What is the units digit of 4/z + 6/4?
2
Let g be 6/18 - 3/(-9)*8. Suppose 2*r = -g*r + 155. What is the units digit of r?
1
Suppose -2*y - 80 = -7*y. What is the tens digit of y?
1
Suppose -2*l + 1195 = -515. What is the hundreds digit of l?
8
Suppose -28*x + 13*x + 2865 = 0. What is the tens digit of x?
9
Let k(m) = -m**3 + 3*m**2 + 2*m + 3. Suppose 4*w - 2 - 38 = 0. Let n = w + -7. What is the units digit of k(n)?
9
Let j = -270 - -972. What is the units digit of j?
2
What is the tens digit of -245*(-6 + (-4 - -9))?
4
Suppose 210 = 4*y + 2*d, 70 = -4*y + 2*d + 284. What is the tens digit of y?
5
Let p(z) be the second derivative of -z**3/3 - 5*z**2/2 - 5*z. Suppose -2*t = 3*y + 3*t + 22, -3*y + 4*t = 31. What is the tens digit of p(y)?
1
Let r = 4362 - 2353. What is the hundreds digit of r?
0
Suppose -285*l + 308*l - 76130 = 0. What is the thousands digit of l?
3
Let j = 23 - 21. Suppose j*h = -u + 32, -5*u = -u - 4*h - 92. What is the units digit of u?
6
Let b = -14 - -26. Let y be ((-11)/3 + -1)/(18/(-54)). Let j = y - b. What is the units digit of j?
2
Suppose d = -11*d + 1704. What is the units digit of d?
2
Suppose 3*l - 4*k + 3 = 0, 4*l + 5*k - 24 = k. Let q be (0/(-1))/(-4 + l). Suppose -15 = -q*d - d. What is the tens digit of d?
1
Suppose -4*t = -4*h - 500, 2*t - h + 0*h - 249 = 0. What is the tens digit of t?
2
Suppose 0 = 2*l - u + 32, -2*u + 14 + 18 = -2*l. Let j = 5 - l. Suppose -102 = -5*i - 2*w + j, i - 3*w - 28 = 0. What is the tens digit of i?
2
Suppose 2*y = 3*o - y - 1677, -3*y + 2763 = 5*o. What is the tens digit of o?
5
Let d be (-2)/16 - (-915)/24. Suppose -2*i - 5*o + o = -28, -2*o = 4*i - d. What is the units digit of i?
8
Let j = -934 - -1889. What is the tens digit of j?
5
Let v be 35/(-4) - (3 - 45/12). What is the hundreds digit of 2*-127*2*2/v?
1
Suppose 0 = 3*r - 177 + 48. Let d = -42 + r. What is the units digit of d?
1
Let n = 2628 + 1625. What is the tens digit of n?
5
Let c(d) = d**2 + 7*d + 10. Let k be c(-9). Let j be 8/k - 1098/21. Let f = 73 + j. What is the tens digit of f?
2
Suppose 3*a = 2*c + 10, 4*a + 2*c - 14 = 4*c. Suppose a*y = 3*y + 65. What is the tens digit of y?
6
Let q(g) = g**3 + g**2 - g - 1. Let y(b) = 13*b**3 + 9*b**2 - 8*b - 11. Let z(l) = 5*q(l) - y(l). What is the tens digit of z(-3)?
7
Suppose 0 = 2*m + 8 + 8. What is the units digit of (m/10*21)/((-14)/70)?
4
Let g = 10 - 27. Let k = g + -10. Let d = 2 - k. What is the tens digit of d?
2
Suppose -29*l = -38*l + 4734. What is the units digit of l?
6
Let g(z) = -5 - 2*z + z + 3 + 17. What is the units digit of g(0)?
5
Let p be 5 - (-3 + 1)*-1. Suppose -p*b = -l + 30 + 48, 0 = -l + 2*b + 75. What is the tens digit of l?
6
Let m(x) = -x + 12. Let z be m(15). Let p be (-5)/(-15)*z*-11. Suppose p*f + 80 = 16*f. What is the units digit of f?
6
Suppose -2808*t = -2805*t - 234. What is the tens digit of t?
7
Suppose -1638 + 765 = -3*p. What is the units digit of p?
1
Let u(g) = -g - 2. Let h be u(-13). Suppose -h = -2*i - 1. What is the units digit of i?
5
Suppose -r = -8*r + 413. Suppose -5*d - y + 17 = 0, 5*y = 4*d - 3*d + 7. What is the units digit of r - 6/(d/(-1))?
1
Let m = -102 - -285. Suppose -13*j + m = -10*j. What is the units digit of j?
1
Suppose -2703 = -28*q + 11*q. What is the tens digit of q?
5
Let f = -242 - -408. Suppose 5*x + 5*p = 245, 4*x - 5*p - f = -3*p. What is the units digit of x?
4
What is the units digit of (-4)/6 + 6597*10/135?
8
Suppose o = 254*a - 255*a + 352, -4*a = -4*o + 1400. What is the tens digit of o?
5
Let m be 20*(771/45 - 1/3). Suppose 5*q + 4*j - 773 = 60, 2*q + 3*j - m = 0. What is the hundreds digit of q?
1
Let k = 4 - 20. What is the units digit of k/(-56) + 66/14?
5
Suppose 3*x - 4*m + 3 = 1, x - 21 = -3*m. Suppose 0 = 9*k - x*k + 102. What is the units digit of (-1 - -3)*k/(-1)?
8
Let d = -382 - -1048. What is the units 